- 12, z - h*s = -7. Let j(q) = -2*q**3 - 2*q**2 - q. What is j(z)?
1
Let b(j) = -47*j - 203. Let v(u) = 345*u + 1425. Let r(w) = 15*b(w) + 2*v(w). Determine r(-13).
0
Let c(w) be the first derivative of -w**4/4 + 4*w**3/3 + 3*w**2/2 - 4*w + 9811. Let a(q) = -3*q + 1. Let p be a(-1). Calculate c(p).
8
Let w(b) = b**3 - 18*b**2 + 32*b - 13. Let g(d) = d**2 - 24*d + 151. Let h be g(9). Give w(h).
-13
Suppose 39*v - 209 - 25 = 0. Suppose v*a - 104 = -86. Let x(p) = p**2 - 2*p + 3*p + p - 4 + 1. What is x(a)?
12
Let v(l) = 481*l**3 - 3*l + 2*l**2 + 473*l**3 - 7*l - 3*l - 951*l**3 - 13. What is v(-4)?
-121
Let w(c) = -2*c**2 - 4*c + 5. Suppose -9*k + 3*k + 78 = 0. Suppose 4*d - k = r - 5, -5*d = -25. Suppose -4*i - r = a + 7, 3*i = 4*a. Calculate w(i).
-11
Let h(q) = -q**3 + 8*q**2 + 21*q + 4. Let z be h(10). Suppose -28 - z = 7*g. Let s be 2 + g + -4 + 0. Let d(w) = -2*w - 6. Calculate d(s).
10
Let k(b) = -11*b - 163. Let r(l) = -7*l - 108. Let u(z) = -5*k(z) + 7*r(z). Give u(-10).
-1
Suppose 2*d + 200 = 4*x, 4*x + 3*d = 8*d + 212. Suppose 5*a = 29*a - x. Let t(q) = 2*q + 6*q + 6 - 4 - 2*q. Determine t(a).
14
Let x(n) = n**3 + 6*n**2 + 6*n + 2. Let l be (-1)/(-4 - (-372)/92). Let y = 65 + l. Suppose 18*r = y - 132. Give x(r).
-3
Let m(q) = -3*q - 20319 + 40637 - 20319. Suppose 2*t - 2 = 4*b + 4, 5*t + 2*b = 3. What is m(t)?
-4
Let j(f) be the third derivative of 13*f**4/8 - 41*f**3/6 - 758*f**2. Determine j(1).
-2
Suppose -10 = 2*y + 3*j, 67*j = y + 72*j + 26. Let f(v) = -5*v**2 - 9*v + 6. What is f(y)?
-110
Let q be 1932/345 + (-6)/(-15). Let d be q - 0/4 - (-16)/(-1). Let r(s) = 1. Let g(b) = -2*b - 8. Let z(n) = -g(n) - 4*r(n). Give z(d).
-16
Let x(m) be the third derivative of -m**8/320 - m**5/120 + 13*m**4/6 + 3*m**2 + 11*m. Let t(o) be the second derivative of x(o). Calculate t(1).
-22
Let n(d) = d - 1. Let w(f) = f**2 + 5*f - 7. Let p be w(-6). Let u(c) be the first derivative of -2*c**2 + 4*c - 60. Let j(x) = p*u(x) - 6*n(x). Calculate j(3).
-4
Suppose 8 = -92*b + 90*b - 8. Let c(z) be the first derivative of z**2/2 + 17*z + 4. Calculate c(b).
9
Let n = -79 + 219. Let j(l) = -6*l + 4*l**2 + 139 - 6*l**2 + l**2 - n. Determine j(-2).
7
Let o(s) be the first derivative of -s**3/3 + 6*s**2 - 8*s - 259. Let r(k) = 9*k**3 - 6*k**2 + 8*k - 3. Let b be r(1). Give o(b).
24
Let b = -125 - -334. Let a = -211 + b. Let o(l) = l + 2 - l**3 - 4*l**2 - 3 + 0*l. Give o(a).
-11
Let l be (94/235)/((-6)/15). Let r(n) = -12*n**2 - 5*n - 1. Calculate r(l).
-8
Let o(b) = -9*b + 3. Let n(z) = 29*z - 2136. Let y be n(74). Determine o(y).
-87
Let v(z) = -87*z**2 + 2*z - 167. Let i(o) = 43*o**2 - o + 77. Let a(g) = 13*i(g) + 6*v(g). Calculate a(-1).
37
Let d = 27 - 16. Let a(m) = -107*m - d + 1 + m**3 + 115*m - 7*m**2. What is a(6)?
2
Let v(r) be the first derivative of r**5/60 - r**4/12 - r**3/3 + 35*r**2/2 - 5. Let n(s) be the second derivative of v(s). Calculate n(4).
6
Suppose -v - 5*r + 9 = 0, -31*r + 36*r - 12 = 2*v. Let h(y) = 2*y**2 - 1. Let a(p) = -5*p**2 + 6*p. Let b(t) = v*a(t) - 3*h(t). What is b(-4)?
11
Let j(d) be the third derivative of 1/3*d**3 + 1/60*d**6 - 182*d**2 + 1/15*d**5 + 1/6*d**4 + 0*d + 0. Determine j(-2).
-6
Let n(l) = 2*l + 13. Let v = -8 + -15. Let d = v - -35. Suppose 0 = i - p + d, 2*i = 3*p - 20 - 7. What is n(i)?
-5
Let i be 1 + -3*25/(-15). Suppose 6*u - 36 = -i*u. Suppose -u*s - 17 = f, -2*f + 7*f + 25 = -5*s. Let x(y) = -y**2 - 4*y + 11. Give x(s).
-1
Let p(a) = 1 - 2493*a + 0 + 1 + a**2 + 1 + 2482*a. Give p(10).
-7
Suppose 0 = -3*l - 14 + 29, -2*r - 2*l = -182. Let b(p) = -r + 86 - 4*p. Let d = -32 + 29. What is b(d)?
12
Let r be 70/147 + (-2)/14. Let m(z) be the third derivative of 0 + 0*z - r*z**3 - 19*z**2 + 1/24*z**4. Calculate m(-6).
-8
Let z(b) = -b**2 - 29. Suppose 14*i - 5*s - 35 = 9*i, -3*i - 14 = 2*s. Calculate z(i).
-29
Let j = -193 + 196. Let o(i) = 113*i - 7 + i**2 + j*i**2 - 106*i - 5*i**2. Determine o(6).
-1
Let d(g) be the first derivative of g**4/4 - 8*g**3/3 + 2*g**2 + 6*g + 1343. Determine d(6).
-42
Let k = 50 + -46. Suppose -3*i = w + i + 11, 0 = -2*i - k. Let b = 1 - w. Let d(y) = -y**3 + 5*y**2 + 5. What is d(b)?
21
Let p(n) be the second derivative of n**5/20 + n**4/2 - n**3/6 - 4*n**2 - 864*n. What is p(-7)?
-50
Let q(x) = -x + 13. Let u be 357 - 1 - (2 - (4 - -3)). Let k be (-10)/(-8) + u/76. What is q(k)?
7
Suppose -7*a + 2*k = -10*a + 8, 0 = 4*a - 2*k - 6. Let q(u) = 18*u**2 + 2 - u + 20*u**a + 19*u**2 - u**3 - 59*u**2. What is q(2)?
-16
Suppose 7*k + 7*k = -3*k. Suppose -57*i + 61*i - 16 = k. Let o(u) = u**2 - 3*u + 2. Calculate o(i).
6
Suppose -215 + 35 = 36*h. Let i(w) = 18*w + 84. Give i(h).
-6
Suppose 4*m = 5*n - 101 + 27, -19 = -n + 5*m. Suppose -2*r + 2*q = -5*r - 7, 0 = -4*r + 2*q + n. Let j(g) = 11*g**2 - 1 + g - 37*g**2 + 18*g**2. Determine j(r).
-8
Let g = 3202 + -3218. Let q(n) = -4*n - 54. What is q(g)?
10
Let r(z) = -z**2 + 11*z. Let t(m) = -m**3 + 6*m**2 + m - 19. Let c be t(5). Suppose -c*j + 1 = -98. Calculate r(j).
18
Let u(g) be the second derivative of g**4/12 + 19*g**3/3 - g**2/2 - g - 46. Calculate u(-38).
-1
Let l(b) = 96*b - 24. Let d(y) = 15*y - 2. Let j(w) = -6*d(w) + l(w). Determine j(2).
0
Let r(g) = 15*g + 3. Suppose -27*i = -30*i + 9. Calculate r(i).
48
Let a(q) = -3*q**2 - q**2 + 8 + 19*q**2 + 37*q - 10*q**2 + 16. Determine a(-7).
10
Let d(m) = -m**2 + 46*m - 503. Let a be d(19). Let l(x) = -x**3 + 10*x**2 + 2*x - 14. Give l(a).
6
Let t(d) = 236*d - 480*d + 243*d - 9. Let f = -32 + 28. Determine t(f).
-5
Let y(l) = l**3 + 5*l**2 + 6*l + 3. Let p(x) = 6*x - 14. Suppose 4*h - 12 = -0*h. Let d be p(h). Suppose -40 = 6*r + d*r. What is y(r)?
-5
Let p(x) = 5*x + 24. Let w(i) = -14*i - 70. Let u(d) = 7*p(d) + 2*w(d). Let h be u(-4). Let s(f) = f**2 - f + 5. Give s(h).
5
Suppose 2*t + 3*t - 10 = 0, -2*l + 3*t = 0. Suppose 0 = 5*d - 5, -7*v - 5 = -6*v + l*d. Let f(n) = -n - 3. Determine f(v).
5
Let h(i) = 3*i**3 + 2*i**2 - 2*i - 2. Let m(w) = -5*w - 6. Let k be m(0). Let f be (k/36*-6)/((-1)/2). Determine h(f).
-14
Let r = 50650 - 50661. Let b(x) = x + 1. Let h(d) = d**3 + 10*d**2 - 11*d - 6. Let c(f) = b(f) - h(f). What is c(r)?
-4
Let d = -519 + 875. Let t(r) = -1 + d*r - 7 + 1 - 357*r. Give t(-6).
-1
Let i(l) = -l**3 - 15*l**2 + 2*l + 12. Suppose 0 = 69*w + 976 + 59. Determine i(w).
-18
Suppose -3*u + 15 = -0*u. Let w(v) = -u - 5*v - 2*v**2 - 4*v**2 + 2 + 4 - v**3. Suppose 2*s - 3*z + 8 = 0, 4*z - 20 = 5*s + z. What is w(s)?
-11
Let o(j) be the third derivative of -j**6/120 - 7*j**5/60 + 15*j**3/2 + 40*j**2 - 10*j. Calculate o(-6).
9
Let m(z) = 14*z + 0*z - 15*z + 5. Let b be 5*(-4)/(-15)*3. Suppose w - 2*w = 5, 5*f + 20 = b*w. Determine m(f).
13
Let c(d) be the second derivative of 4*d**3/3 - 36*d**2 - 9350*d. Determine c(10).
8
Let y = -1523 + 1507. Let j(q) = q**2 + 19*q + 10. Determine j(y).
-38
Let b(o) = -14*o + 9. Let g(y) = -16*y + 2 + 13*y - 1 + 0. Let q(j) = -b(j) + 6*g(j). Calculate q(-5).
17
Let r(p) = p**3 - 25*p**2 - 85*p + 40. Let w = 25892 + -25864. Calculate r(w).
12
Let j be ((-2)/8)/(8/(-32)). Let t(s) be the third derivative of -s**5/12 + s**4/24 - 20*s**2 - 2. Calculate t(j).
-4
Suppose 5*j - 30 = 3*s, -3*j = 151*s - 147*s - 18. Let g(v) = -7*v + 48. Determine g(j).
6
Let j(b) = -b**3 - 8*b**2 - 10*b - 21. Let a be j(-7). Suppose a = -95*k + 93*k - 6. Let i(y) = -1 - 3 - y + 0 + 0*y. Calculate i(k).
-1
Let j(o) = o**2 + 7*o - 3. Let k be j(-6). Let g(s) be the first derivative of -s**4/4 - 10*s**3/3 - 4*s**2 + 11*s - 31. What is g(k)?
2
Let c(d) = d**3 - 52*d**2 + 49*d + 84. Let m(v) = -2*v**3 + 107*v**2 - 96*v - 169. Let t(h) = 13*c(h) + 6*m(h). What is t(32)?
-18
Let r(s) = s**3 - 83*s**2 - 475*s - 176. Let w be r(-5). Let c(x) = -5*x - 3. Let p(q) = 24*q + 16. Let m(t) = -11*c(t) - 2*p(t). Calculate m(w).
-6
Suppose 5*v + 42 - 17 = 0. Let m(y) = -y**3 - 9*y**2 + y + 11. Let j(u) = 2*u**3 + 17*u**2 - 2*u - 20. Let t(b) = 3*j(b) + 5*m(b). Determine t(v).
25
Let x(b) = -b**2 + 4*b - 4. Suppose v - 5*h = 19, -h + 33 = 3*v + 8. Let o be 61/v + (-70)/(-315). Determine x(o).
-25
Let s(p) = -29 - 21 - 30 + 106 - 8*p - 28. Let r be 2 + -6 - (-8 - -5). Give s(r).
6
Suppose -5*j - j = -4*j. Let k(p) be the first derivative of -8*p + 573 - 563 + j*p + p**2. Giv